 k be j(-1). Suppose -2*w - w = k. List the prime factors of a(w).
2, 3
Suppose 9*k - 16*k = -308. List the prime factors of k/2*(-425)/(-10).
5, 11, 17
List the prime factors of (3040/(-60))/(-38)*(-29166)/(-4).
2, 4861
Let s = 1584 - -10926. List the prime factors of s.
2, 3, 5, 139
List the prime factors of (21 + 115356/(-60))/(0 - 4/30).
2, 3, 2377
Let w = -194 - -201. What are the prime factors of -2*((-1883)/14 + w)?
3, 5, 17
Let x be (-1 - (-34)/4)*44/(-66). Let a = 45 - x. List the prime factors of (12/(-3) + 8)/(1/a).
2, 5
Let u = 355 - 531. Let p = -106 - u. Let k = p + -45. List the prime factors of k.
5
Let n(x) = x + 15. Let i be n(-15). Suppose 4*q + 2*h + 18 = i, -5*h = 3*q + q + 21. List the prime factors of (35 - (6 - 2)) + q.
3
Suppose 173193 = 18*w + 34*w - 28359. What are the prime factors of w?
2, 3, 17, 19
Suppose 4*r = -p + 58493, -2*r + 4700 = 2*p - 24548. List the prime factors of r.
7, 2089
Let n = 8530 + -4967. List the prime factors of n.
7, 509
Let j = -34 - -43. Suppose -4*w = -j*w + 330. Suppose 150 = 2*c - w. List the prime factors of c.
2, 3
Let u be (-1184)/80 - 8/(-10). Let h = u + 18. Suppose 359 = 3*o - 4*s, 2*o - o + h*s = 109. What are the prime factors of o?
3, 13
Suppose 3*x - 2*x - 77 = 0. Let t = 289 + -245. Let p = t + x. List the prime factors of p.
11
Let d be ((-90)/2)/(-5)*1/(-1). What are the prime factors of 1786/3 - 5 - (-3)/d?
2, 5, 59
Let s(r) = -43 + 6*r + 5*r - 135 + 4*r + 0*r. List the prime factors of s(14).
2
Let b = 106 - 94. Suppose 3*i - 9 = -2*j + 4*j, 4*j + 4*i - b = 0. Suppose j = -3*h - 4*s + 166, 267 = 5*h - 2*s - s. What are the prime factors of h?
2, 3
Let x be (0 + 42/6 - (0 + 0)) + -4. Let h = -2 - -33. Suppose g - 17 = -3*l + 6*g, -x*l = 2*g - h. What are the prime factors of l?
3
What are the prime factors of 39/130 + (-1178618)/(-140)?
8419
Let i be ((-54)/(-30))/(-3) + (-177436)/(-10). Suppose -153*j + i = -142*j. List the prime factors of j.
1613
Suppose 2*w - 20 = 20. Suppose 4*c - b - w = -5*b, 5*c - 29 = -b. Let s = c - -16. What are the prime factors of s?
2, 11
Let c = 10741 - 8109. List the prime factors of c.
2, 7, 47
List the prime factors of 637897/26*4*3/(-18)*-3.
49069
Let g be (-856)/120 - -7 - (-58)/(-15). List the prime factors of g/(-6) + (-33)/9*-200.
2, 367
Suppose 7*j - 33117 + 5152 = 0. List the prime factors of j.
5, 17, 47
Let n(g) = g + 8 - 4*g - 11*g + 3. Let v be n(2). Let m = 22 + v. What are the prime factors of m?
5
Let b(k) = -12*k - 7. Let s = 55 + -7. Suppose -29*v - s = -25*v. List the prime factors of b(v).
137
What are the prime factors of 227225/11 + (180/55)/18?
7, 13, 227
Suppose 0 = -6*p + 10*p + 596. Let m = -17 + 18. What are the prime factors of 4 - m - (p - 6)?
2, 79
Let v = -937 - -1612. What are the prime factors of v?
3, 5
Let y(z) = -95*z**2 - 13*z - 6. Let s be y(-12). Let l be (6/8)/(-1) + s/(-120). Suppose 0 = -j - 3, f + 0*f = j + l. List the prime factors of f.
109
Let q(l) be the second derivative of -l**5/20 - 5*l**4/4 + 7*l**3/2 + 6*l**2 + 38*l. Let j be q(-17). Let o = j - 93. List the prime factors of o.
2, 5, 7
List the prime factors of (0 + 1)/((-15)/(-10) + 502864/(-335264)).
10477
Let a(s) = -s**3 + 17*s**2 - s + 17. Let t be a(13). Suppose -4*d = -q + 1128, 5*q + t - 1808 = 4*d. Let r = d + 462. What are the prime factors of r?
2, 3, 5
What are the prime factors of (-6)/42*7*46*1817/(-2)?
23, 79
Suppose -7*p + 162 = 11*p. Let f(q) = q**3 + 2*q**2 + 5*q + 26. What are the prime factors of f(p)?
2, 13, 37
Let a = 12410 - -2070. List the prime factors of a.
2, 5, 181
Let i(r) = r**3 - 34*r**2 + 45*r + 44. Let o be i(34). Suppose 0 = 11*x - o - 3024. List the prime factors of x.
2, 11, 19
Suppose 3*p - 110421 = -10*m + 7*m, -13*p + 478389 = -4*m. What are the prime factors of p?
3, 29, 47
Suppose 3*u + 2*u = -g + 18473, -5*g - u = -92245. What are the prime factors of g?
2, 1153
Let v(h) = -3*h**3 + 4*h**2 + 14*h + 16. Let w = -49 - -45. List the prime factors of v(w).
2, 3
Let q(c) = 2*c**3 - 2*c**2 - 22*c - 4. Let h be q(4). Suppose -m + 18*g = 19*g - 1960, 0 = -h*m + g + 7850. List the prime factors of m.
2, 3, 109
Let t = -33 + 61. Let x be 4/(-7) + 996/t. Let m = x + 21. List the prime factors of m.
2, 7
List the prime factors of 43658 + (-4)/(-2)*(-180)/(-120).
43661
Suppose 74493 = 3*c - 3*b, 4*c + 3*b - 99325 = 8*b. List the prime factors of c.
2, 5, 13, 191
Suppose 0*d + 3*i + 4 = -d, 0 = 3*d - 3*i - 24. Let p(b) = 135*b - 81. List the prime factors of p(d).
2, 3, 11
Let k = -3116 - -1528. Let y = 2654 + k. List the prime factors of y.
2, 13, 41
Let o(i) = -2*i - 15*i + 18*i - 7 - 15*i. Let v be o(-2). List the prime factors of 4/(-14) + 3*569/v.
3
Suppose -480 + 40 = -2*l. List the prime factors of (-68)/51*(-2 - l).
2, 37
Suppose o = 4*x + 1306, 4*o = -24*x + 20*x + 5344. List the prime factors of o.
2, 5, 7, 19
Suppose 2*g + 1431 = 4*h - 1915, h - 2*g = 838. Let o = 1473 - h. List the prime factors of o.
7, 13
Suppose 0 = -2*i + 2079 + 801. Suppose 1785 = 5*y - i. What are the prime factors of y?
3, 5, 43
Suppose -10 = -4*t + 2. Suppose t*z + 2*v = 0, v - 2*v = -z. Suppose 5*n + 81 = 3*p, z = -0*p - 3*p + 2*n + 72. List the prime factors of p.
2, 11
Let j be (60/36)/(15/18). Suppose -j*q + 3*w + 2333 = 0, w + w - 1163 = -q. List the prime factors of q.
5, 233
Let m = -465 - -443. What are the prime factors of 1009/2 - m/44?
5, 101
Suppose 4*y - 3*s + 6 - 27 = 0, -s + 5 = 0. Suppose -2*g = -13 + y. Suppose 0 = -5*x - g + 342. What are the prime factors of x?
2, 17
Let x = 25152 + -16938. What are the prime factors of x?
2, 3, 37
Suppose -4*u + 84 = -l, 0 = -3*l + l + u - 203. Let n be 3/(((-132)/l)/(-11)). Let q = 104 + n. List the prime factors of q.
2, 3, 13
Suppose 0 = 2*p - 9 + 5, -p = 4*z - 28338. What are the prime factors of z?
2, 7, 11, 23
Let g(h) = 6670*h**2 - 8*h - 8. Let k be g(-1). Suppose 0 = 15*p - k + 1660. What are the prime factors of p?
2, 167
Let m(u) be the third derivative of -u**6/120 + 13*u**5/60 - 5*u**4/8 + 3*u**3/2 + 6*u**2. Let f be -11*(4 + -9 + 4) - 0. List the prime factors of m(f).
2, 43
Suppose 696*j - 91336 = 682*j. List the prime factors of j.
2, 7, 233
Suppose -5*x + 14 = 4. Let z(g) = 3 + 3 - 6*g**x - g**3 + 3*g + g. List the prime factors of z(-8).
2, 3, 17
Let b be 1 + -9 - (-50 + 48). What are the prime factors of (-3)/(b/272) - -5?
3, 47
Let z(q) = 12*q - 14. Let k be z(7). Let h = 15 + -5. Suppose -k = -4*d + r, d + r - 5*r = h. List the prime factors of d.
2, 3
Suppose 620 = 2*k + 3*k. Suppose -2*r + 59 = -3*b - k, 3*b = 5*r - 471. List the prime factors of r.
2, 3
Suppose 5*u - 174 = -u. Suppose -u*d + 21297 = -714. List the prime factors of d.
3, 11, 23
Suppose 5*j - 9 - 26 = 0. Suppose 0 = 3*l - 2 - j. Suppose 0 = 5*g - 15, -l*g = 5*p + g - 87. What are the prime factors of p?
3, 5
Let h be 0/(-5 - (-7 + 1)). Suppose h = -32*d + 39*d - 3626. What are the prime factors of d?
2, 7, 37
Suppose -4*p - 37 = -25. Let h = p - 26. Let y = h + 74. List the prime factors of y.
3, 5
Let o = -413 - -417. Suppose -l - 1890 = -o*l + 2*p, -4*l = 4*p - 2540. List the prime factors of l.
2, 79
Suppose j - d = 201, -5*j + 554 + 439 = -2*d. Suppose -5 = 4*a - j. What are the prime factors of a?
2, 3
Let j = -8228 + 22686. What are the prime factors of j?
2, 7229
Let b(n) = 5 - 12 + 2 + 80*n - 9*n**2 + 4 - 5*n**2. List the prime factors of b(5).
7
Let h = 34802 - -5149. What are the prime factors of h?
3, 23, 193
Let d(j) be the third derivative of 1/120*j**6 - 2*j**3 - 1/24*j**4 + 0 + 0*j + j**2 + 7/60*j**5. What are the prime factors of d(-5)?
43
Suppose 1361*g - 1323*g - 271700 = 0. What are the prime factors of g?
2, 5, 11, 13
Suppose -3*v = -5*q + 10, -35 = 23*q - 26*q - 4*v. Suppose -3*j - 4*d + 1028 = -800, -q*j + 5*d = -3105. List the prime factors of j.
2, 7, 11
Suppose 73*m - 75*m - 5*n = -10482, -20982 = -4*m - n. List the prime factors of m.
2, 43, 61
Let n(j) = 62*j**3 + 10*j**2 - 42*j + 6. Let m be n(3). Suppose m = v + 193. List the prime factors of v.
1451
Let n(b) = -b**2 + b - 3. Let z be n(3). Let r = -2404 - -2398. What are the prime factors of (-1008)/(-6)*r/z?
2, 7
Suppose -226 = 4*i + 290. Let w = 602 + i. List the prime factors of w.
11, 43
Let b be 